{"id":10640,"date":"2016-02-20T20:10:54","date_gmt":"2016-02-20T19:10:54","guid":{"rendered":"http:\/\/www.atesistemi.it\/?page_id=10640"},"modified":"2016-02-20T21:11:37","modified_gmt":"2016-02-20T20:11:37","slug":"servicio","status":"publish","type":"page","link":"http:\/\/www.atesistemi.it\/?page_id=10640&lang=es","title":{"rendered":"Servicio"},"content":{"rendered":"<div class=\"limit-wrapper\"><div class=\"row \"><div class=\"wpv-grid grid-1-2  wpv-first-level first unextended animation-from-left animated-active no-extended-padding\" style=\"padding-top:0.05px;padding-bottom:0.05px;\" id=\"wpv-column-e755e26d9078429b9a2f9e2bfa9b599c\" ><div class=\"slogan clearfix \">\n\t<div class=\"slogan-content\">\n\t\t\n<h3>ASESORAMIENTO<\/h3>\n\t<\/div>\n\t<\/div>\n<\/div>\n<div class=\"wpv-grid grid-1-2  wpv-first-level unextended animation-from-left animated-active no-extended-padding\" style=\"padding-top:0.05px;padding-bottom:0.05px;\" id=\"wpv-column-9b9f613b0692a9dcbb70c0a6b4285f89\" ><div class=\"slogan clearfix \">\n\t<div class=\"slogan-content\">\n\t\t\n<h3>DISE\u00d1O<\/h3>\n\t<\/div>\n\t<\/div>\n<\/div><\/div><\/div>\n<div class=\"limit-wrapper\"><div class=\"row \"><div class=\"wpv-grid grid-1-2  wpv-first-level first unextended no-extended-padding\" style=\"padding-top:0.05px;padding-bottom:0.05px;\" id=\"wpv-column-f388898792de6335ccf2e74c4d7533b9\" ><p><img loading=\"lazy\" class=\" alignnone wp-image-10402\" src=\"http:\/\/www.atesistemi.it\/wp-content\/uploads\/2015\/06\/fotolia_55094975.jpg\" alt=\"Business adviser analyzing financial figures\" width=\"530\" height=\"333\" srcset=\"http:\/\/www.atesistemi.it\/wp-content\/uploads\/2015\/06\/fotolia_55094975.jpg 500w, http:\/\/www.atesistemi.it\/wp-content\/uploads\/2015\/06\/fotolia_55094975-300x188.jpg 300w, http:\/\/www.atesistemi.it\/wp-content\/uploads\/2015\/06\/fotolia_55094975-495x311.jpg 495w, http:\/\/www.atesistemi.it\/wp-content\/uploads\/2015\/06\/fotolia_55094975-320x201.jpg 320w, http:\/\/www.atesistemi.it\/wp-content\/uploads\/2015\/06\/fotolia_55094975-232x146.jpg 232w, http:\/\/www.atesistemi.it\/wp-content\/uploads\/2015\/06\/fotolia_55094975-232x146@2x.jpg 464w\" sizes=\"(max-width: 530px) 100vw, 530px\" \/><\/p>\n<p style=\"text-align: justify;\">ATE Electronics ofrece servicios de asesoramiento profesional de un alto nivel, que opera tanto a nivel nacional como internacional, a trav\u00e9s de un di\u00e1logo constante con el cliente, por el tiempo que sea necesario para completar el proyecto, y luego compartir todas las fases de dise\u00f1o y desarrollo con grupos de clientes para una transferencia mayor y m\u00e1s eficaz de conocimientos t\u00e9cnicos.<\/div>\n<div class=\"wpv-grid grid-1-2  wpv-first-level unextended no-extended-padding\" style=\"padding-top:0.05px;padding-bottom:0.05px;\" id=\"wpv-column-d349e8dae5fb3b072ab282744ad21b79\" ><p><img loading=\"lazy\" class=\"alignnone size-full wp-image-10404\" src=\"http:\/\/www.atesistemi.it\/wp-content\/uploads\/2015\/06\/fotolia_68880148.jpg\" alt=\"Breadboard\" width=\"500\" height=\"331\" srcset=\"http:\/\/www.atesistemi.it\/wp-content\/uploads\/2015\/06\/fotolia_68880148.jpg 500w, http:\/\/www.atesistemi.it\/wp-content\/uploads\/2015\/06\/fotolia_68880148-300x199.jpg 300w, http:\/\/www.atesistemi.it\/wp-content\/uploads\/2015\/06\/fotolia_68880148-495x328.jpg 495w, http:\/\/www.atesistemi.it\/wp-content\/uploads\/2015\/06\/fotolia_68880148-320x212.jpg 320w, http:\/\/www.atesistemi.it\/wp-content\/uploads\/2015\/06\/fotolia_68880148-232x154.jpg 232w, http:\/\/www.atesistemi.it\/wp-content\/uploads\/2015\/06\/fotolia_68880148-232x154@2x.jpg 464w\" sizes=\"(max-width: 500px) 100vw, 500px\" \/><\/p>\n<p style=\"text-align: justify;\">De la idea al proyecto. Nuestro equipo puede cubrir todas las actividades necesarias para la proyectaci\u00f3n, desarrollo e industrializaci\u00f3n del producto en cada sector o \u00e1mbito de aplicaci\u00f3n. Dise\u00f1amos teniendo siempre en cuenta: el cumplimiento de las normas de seguridad europeas; la optimizaci\u00f3n del coste final del producto; la maximizaci\u00f3n de los beneficios; la funcionalidad y contenido tecnol\u00f3gico que todo buen producto debe tener.<\/div><\/div><\/div>\n<div class=\"push \" style=\"height:30px\"><\/div>\n<div class=\"limit-wrapper\"><div class=\"row \"><div class=\"wpv-grid grid-1-2  wpv-first-level first unextended animation-from-left animated-active no-extended-padding\" style=\"padding-top:0.05px;padding-bottom:0.05px;\" id=\"wpv-column-30e2a7acc5dd7edbd852227c134f8fb6\" ><div class=\"slogan clearfix \">\n\t<div class=\"slogan-content\">\n\t\t\n<h3>PROTOTIPADO<\/h3>\n\t<\/div>\n\t<\/div>\n<\/div>\n<div class=\"wpv-grid grid-1-2  wpv-first-level unextended animation-from-left animated-active no-extended-padding\" style=\"padding-top:0.05px;padding-bottom:0.05px;\" id=\"wpv-column-43a8467c4742bdcd1cfb16bd9293ad76\" ><div class=\"slogan clearfix \">\n\t<div class=\"slogan-content\">\n\t\t\n<h3>INDUSTRIALIZACI\u00d3N<\/h3>\n\t<\/div>\n\t<\/div>\n<\/div><\/div><\/div>\n<div class=\"limit-wrapper\"><div class=\"row \"><div class=\"wpv-grid grid-1-2  wpv-first-level first unextended no-extended-padding\" style=\"padding-top:0.05px;padding-bottom:0.05px;\" id=\"wpv-column-36e3d7f12ed2b7445aadcad05cf827d5\" ><p><img loading=\"lazy\" class=\"alignnone size-full wp-image-10408\" src=\"http:\/\/www.atesistemi.it\/wp-content\/uploads\/2015\/06\/fotolia_67550297.jpg\" alt=\"Electronics\" width=\"500\" height=\"333\" srcset=\"http:\/\/www.atesistemi.it\/wp-content\/uploads\/2015\/06\/fotolia_67550297.jpg 500w, http:\/\/www.atesistemi.it\/wp-content\/uploads\/2015\/06\/fotolia_67550297-300x200.jpg 300w, http:\/\/www.atesistemi.it\/wp-content\/uploads\/2015\/06\/fotolia_67550297-495x330.jpg 495w, http:\/\/www.atesistemi.it\/wp-content\/uploads\/2015\/06\/fotolia_67550297-320x213.jpg 320w, http:\/\/www.atesistemi.it\/wp-content\/uploads\/2015\/06\/fotolia_67550297-232x155.jpg 232w, http:\/\/www.atesistemi.it\/wp-content\/uploads\/2015\/06\/fotolia_67550297-232x155@2x.jpg 464w\" sizes=\"(max-width: 500px) 100vw, 500px\" \/><\/p>\n<p style=\"text-align: justify;\">ATE Electronics es capaz de fabricar y entregar prototipos en tiempos cortos y en las cantidades necesarias, sin que el cliente tenga que encargarse\u00a0el \u00a0directamente.<br \/>\nLa producci\u00f3n de prototipos es un paso importante en el proceso de desarrollo. que necesita para montar y probar una o m\u00e1s muestras al final del dise\u00f1o con el fin de hacer que el desarrollo del proyecto y de su validaci\u00f3n final. Gracias a los prototipos tambi\u00e9n es posible evaluar la capacidad de fabricaci\u00f3n de un producto y aplicar las mejoras necesarias para el producto y el proceso de producci\u00f3n.<\/div>\n<div class=\"wpv-grid grid-1-2  wpv-first-level unextended no-extended-padding\" style=\"padding-top:0.05px;padding-bottom:0.05px;\" id=\"wpv-column-01d4d2183115d2519bbc82e91d0bb52f\" ><p><img loading=\"lazy\" class=\"alignnone size-full wp-image-10410\" src=\"http:\/\/www.atesistemi.it\/wp-content\/uploads\/2015\/06\/fotolia_55663873.jpg\" alt=\"High Tech Industrieanlage\" width=\"500\" height=\"332\" srcset=\"http:\/\/www.atesistemi.it\/wp-content\/uploads\/2015\/06\/fotolia_55663873.jpg 500w, http:\/\/www.atesistemi.it\/wp-content\/uploads\/2015\/06\/fotolia_55663873-300x199.jpg 300w, http:\/\/www.atesistemi.it\/wp-content\/uploads\/2015\/06\/fotolia_55663873-495x329.jpg 495w, http:\/\/www.atesistemi.it\/wp-content\/uploads\/2015\/06\/fotolia_55663873-320x212.jpg 320w, http:\/\/www.atesistemi.it\/wp-content\/uploads\/2015\/06\/fotolia_55663873-232x154.jpg 232w, http:\/\/www.atesistemi.it\/wp-content\/uploads\/2015\/06\/fotolia_55663873-232x154@2x.jpg 464w\" sizes=\"(max-width: 500px) 100vw, 500px\" \/><\/p>\n<p style=\"text-align: justify;\">Desde el prototipo hasta la producci\u00f3n en masa. Nosotros producimos, en series peque\u00f1as o grandes, de acuerdo con los m\u00e1s altos est\u00e1ndares y con las mejores tecnolog\u00edas del mercado. Los t\u00e9cnicos de nuestros departamentos de producci\u00f3n son altamente cualificados especialistas pueden controlar todas las fases de producci\u00f3n.<\/div><\/div><\/div>\n","protected":false},"excerpt":{"rendered":"","protected":false},"author":2,"featured_media":10402,"parent":0,"menu_order":2,"comment_status":"closed","ping_status":"open","template":"","meta":[],"_links":{"self":[{"href":"http:\/\/www.atesistemi.it\/index.php?rest_route=\/wp\/v2\/pages\/10640"}],"collection":[{"href":"http:\/\/www.atesistemi.it\/index.php?rest_route=\/wp\/v2\/pages"}],"about":[{"href":"http:\/\/www.atesistemi.it\/index.php?rest_route=\/wp\/v2\/types\/page"}],"author":[{"embeddable":true,"href":"http:\/\/www.atesistemi.it\/index.php?rest_route=\/wp\/v2\/users\/2"}],"replies":[{"embeddable":true,"href":"http:\/\/www.atesistemi.it\/index.php?rest_route=%2Fwp%2Fv2%2Fcomments&post=10640"}],"version-history":[{"count":9,"href":"http:\/\/www.atesistemi.it\/index.php?rest_route=\/wp\/v2\/pages\/10640\/revisions"}],"predecessor-version":[{"id":10652,"href":"http:\/\/www.atesistemi.it\/index.php?rest_route=\/wp\/v2\/pages\/10640\/revisions\/10652"}],"wp:featuredmedia":[{"embeddable":true,"href":"http:\/\/www.atesistemi.it\/index.php?rest_route=\/wp\/v2\/media\/10402"}],"wp:attachment":[{"href":"http:\/\/www.atesistemi.it\/index.php?rest_route=%2Fwp%2Fv2%2Fmedia&parent=10640"}],"curies":[{"name":"wp","href":"https:\/\/api.w.org\/{rel}","templated":true}]}}