{"id":10613,"date":"2016-02-20T12:31:43","date_gmt":"2016-02-20T11:31:43","guid":{"rendered":"http:\/\/www.atesistemi.it\/?page_id=10613"},"modified":"2016-02-20T12:31:43","modified_gmt":"2016-02-20T11:31:43","slug":"news-fr","status":"publish","type":"page","link":"http:\/\/www.atesistemi.it\/?page_id=10613&lang=fr","title":{"rendered":"News FR"},"content":{"rendered":"<div class=\"limit-wrapper\"><div class=\"row \"><div class=\"wpv-grid grid-1-1  wpv-first-level first unextended no-extended-padding\" style=\"padding-top:0.05px;padding-bottom:0.05px;\" id=\"wpv-column-0424354a6d5927a13993b646fe33a26a\" ><div class=\"loop-wrapper clearfix news row small not-paginated\" data-columns=\"4\">\n\t\t\t<div class=\"page-content post-header grid-1-4 clearboth list-item post-10727 post type-post status-publish format-standard hentry category-news-fr-fr\" >\n\t\t\t\t<div>\n\t\t\t\t\t<div class=\"post-article no-image-wrapper \">\n\t<div class=\"standard-post-format clearfix as-normal as-standard-post-format\">\n\t\t<div class=\"post-media-date\">\n\t\t<div class=\"post-actions-wrapper clearfix\">\n\t\t\t\t\t<div class=\"post-date\">\n\t\t\t\t6 Aprile 2016\t\t\t<\/div>\n\t\t\t\t\t\t\t\t\t\t\t<div class=\"comment-count\">\n\t\t\t\t\t<a href=\"http:\/\/www.atesistemi.it\/?p=10727&lang=fr#respond\"><span class=\"icon\">&#57570;<\/span>0 <span class=\"comment-word visuallyhidden\">Comments<\/span><\/a>\t\t\t\t<\/div>\n\t\t\t\n\t\t\t\t\t\t<\/div>\n\n<\/div>\n\t<div class=\"post-content-wrapper\">\n\t\t\t\t<header class=\"single\">\n\t\t\t<div class=\"content\">\n\t\t\t\t<h3>\n\t\t\t\t\t<a href=\"http:\/\/www.atesistemi.it\/?p=10727&#038;lang=fr\" title=\"Agriumbria 2016\" class=\"entry-title\">Agriumbria 2016<\/a>\n\t\t\t\t<\/h3>\n\t\t\t<\/div>\n\t\t<\/header>\n\t\n\t\t<div class=\"post-content-outer\">\n\t\t\t<p>Parmi les nouveaut\u00e9s pr\u00e9sent\u00e9es lors de l&#8217;\u00e9dition 2016 du Agriumbria tenue \u00e0 Bastia Umbra (Perugia),&#8230;<\/p>\n\t\t<\/div>\n\n\t\t\n\t\t\t<\/div>\n\t<\/div>\n<\/div>\n\t\t\t\t<\/div>\n\t\t\t<\/div>\n\t\t\t<div class=\"page-content post-header grid-1-4 list-item post-10707 post type-post status-publish format-standard hentry category-news-fr-fr\" >\n\t\t\t\t<div>\n\t\t\t\t\t<div class=\"post-article no-image-wrapper \">\n\t<div class=\"standard-post-format clearfix as-normal as-standard-post-format\">\n\t\t<div class=\"post-media-date\">\n\t\t<div class=\"post-actions-wrapper clearfix\">\n\t\t\t\t\t<div class=\"post-date\">\n\t\t\t\t13 Marzo 2016\t\t\t<\/div>\n\t\t\t\t\t\t\t\t\t\t\t<div class=\"comment-count\">\n\t\t\t\t\t<a href=\"http:\/\/www.atesistemi.it\/?p=10707&lang=fr#respond\"><span class=\"icon\">&#57570;<\/span>0 <span class=\"comment-word visuallyhidden\">Comments<\/span><\/a>\t\t\t\t<\/div>\n\t\t\t\n\t\t\t\t\t\t<\/div>\n\n<\/div>\n\t<div class=\"post-content-wrapper\">\n\t\t\t\t<header class=\"single\">\n\t\t\t<div class=\"content\">\n\t\t\t\t<h3>\n\t\t\t\t\t<a href=\"http:\/\/www.atesistemi.it\/?p=10707&#038;lang=fr\" title=\"R\u00e9union technique Gignac (FR)\" class=\"entry-title\">R\u00e9union technique Gignac (FR)<\/a>\n\t\t\t\t<\/h3>\n\t\t\t<\/div>\n\t\t<\/header>\n\t\n\t\t<div class=\"post-content-outer\">\n\t\t\t<p>Un grand int\u00e9r\u00eat \u00e0 la r\u00e9union technique tenue \u00e0 Gignac (FR) au Moulin du Mas&#8230;<\/p>\n\t\t<\/div>\n\n\t\t\n\t\t\t<\/div>\n\t<\/div>\n<\/div>\n\t\t\t\t<\/div>\n\t\t\t<\/div>\n\t\t\t<div class=\"page-content post-header grid-1-4 list-item post-10577 post type-post status-publish format-standard hentry category-news-fr-fr\" >\n\t\t\t\t<div>\n\t\t\t\t\t<div class=\"post-article no-image-wrapper \">\n\t<div class=\"standard-post-format clearfix as-normal as-standard-post-format\">\n\t\t<div class=\"post-media-date\">\n\t\t<div class=\"post-actions-wrapper clearfix\">\n\t\t\t\t\t<div class=\"post-date\">\n\t\t\t\t20 Febbraio 2016\t\t\t<\/div>\n\t\t\t\t\t\t\t\t\t\t\t<div class=\"comment-count\">\n\t\t\t\t\t<a href=\"http:\/\/www.atesistemi.it\/?p=10577&#038;lang=fr#comments\"><span class=\"icon\">&#57570;<\/span>1 <span class=\"comment-word visuallyhidden\">Comment<\/span><\/a>\t\t\t\t<\/div>\n\t\t\t\n\t\t\t\t\t\t<\/div>\n\n<\/div>\n\t<div class=\"post-content-wrapper\">\n\t\t\t\t<header class=\"single\">\n\t\t\t<div class=\"content\">\n\t\t\t\t<h3>\n\t\t\t\t\t<a href=\"http:\/\/www.atesistemi.it\/?p=10577&#038;lang=fr\" title=\"OILMATIC r\u00e9union technique\" class=\"entry-title\">OILMATIC r\u00e9union technique<\/a>\n\t\t\t\t<\/h3>\n\t\t\t<\/div>\n\t\t<\/header>\n\t\n\t\t<div class=\"post-content-outer\">\n\t\t\t<p>Samedi, 12 Mars, 2016, sera une r\u00e9union technique o\u00f9 ils seront affich\u00e9s \u00e9quipements pour la&#8230;<\/p>\n\t\t<\/div>\n\n\t\t\n\t\t\t<\/div>\n\t<\/div>\n<\/div>\n\t\t\t\t<\/div>\n\t\t\t<\/div>\n\t\t\t<div class=\"page-content post-header grid-1-4 list-item post-10465 post type-post status-publish format-standard hentry category-news-fr-fr\" >\n\t\t\t\t<div>\n\t\t\t\t\t<div class=\"post-article no-image-wrapper \">\n\t<div class=\"standard-post-format clearfix as-normal as-standard-post-format\">\n\t\t<div class=\"post-media-date\">\n\t\t<div class=\"post-actions-wrapper clearfix\">\n\t\t\t\t\t<div class=\"post-date\">\n\t\t\t\t25 Agosto 2015\t\t\t<\/div>\n\t\t\t\t\t\t\t\t\t\t\t<div class=\"comment-count\">\n\t\t\t\t\t<a href=\"http:\/\/www.atesistemi.it\/?p=10465&lang=fr#respond\"><span class=\"icon\">&#57570;<\/span>0 <span class=\"comment-word visuallyhidden\">Comments<\/span><\/a>\t\t\t\t<\/div>\n\t\t\t\n\t\t\t\t\t\t<\/div>\n\n<\/div>\n\t<div class=\"post-content-wrapper\">\n\t\t\t\t<header class=\"single\">\n\t\t\t<div class=\"content\">\n\t\t\t\t<h3>\n\t\t\t\t\t<a href=\"http:\/\/www.atesistemi.it\/?p=10465&#038;lang=fr\" title=\"PACKTECH EXPO BALKAN 2015\" class=\"entry-title\">PACKTECH EXPO BALKAN 2015<\/a>\n\t\t\t\t<\/h3>\n\t\t\t<\/div>\n\t\t<\/header>\n\t\n\t\t<div class=\"post-content-outer\">\n\t\t\t<p>ATE Electronics va participer \u00e0 la prochaine \u00e9dition de la foire internationale 14 PACKTECH EXPO&#8230;<\/p>\n\t\t<\/div>\n\n\t\t\n\t\t\t<\/div>\n\t<\/div>\n<\/div>\n\t\t\t\t<\/div>\n\t\t\t<\/div>\n\t\t\t<div class=\"page-content post-header grid-1-4 clearboth list-item post-10281 post type-post status-publish format-standard hentry category-news-fr-fr\" >\n\t\t\t\t<div>\n\t\t\t\t\t<div class=\"post-article no-image-wrapper \">\n\t<div class=\"standard-post-format clearfix as-normal as-standard-post-format\">\n\t\t<div class=\"post-media-date\">\n\t\t<div class=\"post-actions-wrapper clearfix\">\n\t\t\t\t\t<div class=\"post-date\">\n\t\t\t\t29 Giugno 2015\t\t\t<\/div>\n\t\t\t\t\t\t\t\n\t\t\t\t\t\t<\/div>\n\n<\/div>\n\t<div class=\"post-content-wrapper\">\n\t\t\t\t<header class=\"single\">\n\t\t\t<div class=\"content\">\n\t\t\t\t<h3>\n\t\t\t\t\t<a href=\"http:\/\/www.atesistemi.it\/?p=10281&#038;lang=fr\" title=\"Distributeur Ariservis des ATE Elettronica en Espagne\" class=\"entry-title\">Distributeur Ariservis des ATE Elettronica en Espagne<\/a>\n\t\t\t\t<\/h3>\n\t\t\t<\/div>\n\t\t<\/header>\n\t\n\t\t<div class=\"post-content-outer\">\n\t\t\t<p>Les ATE Elettronica a sign\u00e9 un accord de distribution pour le march\u00e9 espagnol avec la&#8230;<\/p>\n\t\t<\/div>\n\n\t\t\n\t\t\t<\/div>\n\t<\/div>\n<\/div>\n\t\t\t\t<\/div>\n\t\t\t<\/div>\n<\/div>\n\n<\/div><\/div><\/div>\n","protected":false},"excerpt":{"rendered":"","protected":false},"author":2,"featured_media":0,"parent":0,"menu_order":6,"comment_status":"closed","ping_status":"open","template":"","meta":[],"_links":{"self":[{"href":"http:\/\/www.atesistemi.it\/index.php?rest_route=\/wp\/v2\/pages\/10613"}],"collection":[{"href":"http:\/\/www.atesistemi.it\/index.php?rest_route=\/wp\/v2\/pages"}],"about":[{"href":"http:\/\/www.atesistemi.it\/index.php?rest_route=\/wp\/v2\/types\/page"}],"author":[{"embeddable":true,"href":"http:\/\/www.atesistemi.it\/index.php?rest_route=\/wp\/v2\/users\/2"}],"replies":[{"embeddable":true,"href":"http:\/\/www.atesistemi.it\/index.php?rest_route=%2Fwp%2Fv2%2Fcomments&post=10613"}],"version-history":[{"count":1,"href":"http:\/\/www.atesistemi.it\/index.php?rest_route=\/wp\/v2\/pages\/10613\/revisions"}],"predecessor-version":[{"id":10614,"href":"http:\/\/www.atesistemi.it\/index.php?rest_route=\/wp\/v2\/pages\/10613\/revisions\/10614"}],"wp:attachment":[{"href":"http:\/\/www.atesistemi.it\/index.php?rest_route=%2Fwp%2Fv2%2Fmedia&parent=10613"}],"curies":[{"name":"wp","href":"https:\/\/api.w.org\/{rel}","templated":true}]}}