{"id":10611,"date":"2016-02-20T12:31:13","date_gmt":"2016-02-20T11:31:13","guid":{"rendered":"http:\/\/www.atesistemi.it\/?page_id=10611"},"modified":"2016-02-20T12:31:13","modified_gmt":"2016-02-20T11:31:13","slug":"news-es","status":"publish","type":"page","link":"http:\/\/www.atesistemi.it\/?page_id=10611&lang=es","title":{"rendered":"News ES"},"content":{"rendered":"<div class=\"limit-wrapper\"><div class=\"row \"><div class=\"wpv-grid grid-1-1  wpv-first-level first unextended no-extended-padding\" style=\"padding-top:0.05px;padding-bottom:0.05px;\" id=\"wpv-column-6fa3755ab47518cd391c81ad7446b99b\" ><div class=\"loop-wrapper clearfix news row small not-paginated\" data-columns=\"4\">\n\t\t\t<div class=\"page-content post-header grid-1-4 clearboth list-item post-10723 post type-post status-publish format-standard hentry category-news-es-es\" >\n\t\t\t\t<div>\n\t\t\t\t\t<div class=\"post-article no-image-wrapper \">\n\t<div class=\"standard-post-format clearfix as-normal as-standard-post-format\">\n\t\t<div class=\"post-media-date\">\n\t\t<div class=\"post-actions-wrapper clearfix\">\n\t\t\t\t\t<div class=\"post-date\">\n\t\t\t\t6 Aprile 2016\t\t\t<\/div>\n\t\t\t\t\t\t\t\t\t\t\t<div class=\"comment-count\">\n\t\t\t\t\t<a href=\"http:\/\/www.atesistemi.it\/?p=10723&lang=es#respond\"><span class=\"icon\">&#57570;<\/span>0 <span class=\"comment-word visuallyhidden\">Comments<\/span><\/a>\t\t\t\t<\/div>\n\t\t\t\n\t\t\t\t\t\t<\/div>\n\n<\/div>\n\t<div class=\"post-content-wrapper\">\n\t\t\t\t<header class=\"single\">\n\t\t\t<div class=\"content\">\n\t\t\t\t<h3>\n\t\t\t\t\t<a href=\"http:\/\/www.atesistemi.it\/?p=10723&#038;lang=es\" title=\"Agriumbria 2016\" class=\"entry-title\">Agriumbria 2016<\/a>\n\t\t\t\t<\/h3>\n\t\t\t<\/div>\n\t\t<\/header>\n\t\n\t\t<div class=\"post-content-outer\">\n\t\t\t<p>Entre las novedades presentadas en la edici\u00f3n 2016 de Agriumbria celebrada en Bastia Umbra (Perugia),&#8230;<\/p>\n\t\t<\/div>\n\n\t\t\n\t\t\t<\/div>\n\t<\/div>\n<\/div>\n\t\t\t\t<\/div>\n\t\t\t<\/div>\n\t\t\t<div class=\"page-content post-header grid-1-4 list-item post-10704 post type-post status-publish format-standard hentry category-news-es-es\" >\n\t\t\t\t<div>\n\t\t\t\t\t<div class=\"post-article no-image-wrapper \">\n\t<div class=\"standard-post-format clearfix as-normal as-standard-post-format\">\n\t\t<div class=\"post-media-date\">\n\t\t<div class=\"post-actions-wrapper clearfix\">\n\t\t\t\t\t<div class=\"post-date\">\n\t\t\t\t13 Marzo 2016\t\t\t<\/div>\n\t\t\t\t\t\t\t\t\t\t\t<div class=\"comment-count\">\n\t\t\t\t\t<a href=\"http:\/\/www.atesistemi.it\/?p=10704&lang=es#respond\"><span class=\"icon\">&#57570;<\/span>0 <span class=\"comment-word visuallyhidden\">Comments<\/span><\/a>\t\t\t\t<\/div>\n\t\t\t\n\t\t\t\t\t\t<\/div>\n\n<\/div>\n\t<div class=\"post-content-wrapper\">\n\t\t\t\t<header class=\"single\">\n\t\t\t<div class=\"content\">\n\t\t\t\t<h3>\n\t\t\t\t\t<a href=\"http:\/\/www.atesistemi.it\/?p=10704&#038;lang=es\" title=\"Reuni\u00f3n t\u00e9cnica Gignac (FR)\" class=\"entry-title\">Reuni\u00f3n t\u00e9cnica Gignac (FR)<\/a>\n\t\t\t\t<\/h3>\n\t\t\t<\/div>\n\t\t<\/header>\n\t\n\t\t<div class=\"post-content-outer\">\n\t\t\t<p>Mucho inter\u00e9s en la reuni\u00f3n t\u00e9cnica celebrada en Gignac (FR) en el Moulin du Mas&#8230;<\/p>\n\t\t<\/div>\n\n\t\t\n\t\t\t<\/div>\n\t<\/div>\n<\/div>\n\t\t\t\t<\/div>\n\t\t\t<\/div>\n\t\t\t<div class=\"page-content post-header grid-1-4 list-item post-10575 post type-post status-publish format-standard hentry category-news-es-es\" >\n\t\t\t\t<div>\n\t\t\t\t\t<div class=\"post-article no-image-wrapper \">\n\t<div class=\"standard-post-format clearfix as-normal as-standard-post-format\">\n\t\t<div class=\"post-media-date\">\n\t\t<div class=\"post-actions-wrapper clearfix\">\n\t\t\t\t\t<div class=\"post-date\">\n\t\t\t\t20 Febbraio 2016\t\t\t<\/div>\n\t\t\t\t\t\t\t\t\t\t\t<div class=\"comment-count\">\n\t\t\t\t\t<a href=\"http:\/\/www.atesistemi.it\/?p=10575&lang=es#respond\"><span class=\"icon\">&#57570;<\/span>0 <span class=\"comment-word visuallyhidden\">Comments<\/span><\/a>\t\t\t\t<\/div>\n\t\t\t\n\t\t\t\t\t\t<\/div>\n\n<\/div>\n\t<div class=\"post-content-wrapper\">\n\t\t\t\t<header class=\"single\">\n\t\t\t<div class=\"content\">\n\t\t\t\t<h3>\n\t\t\t\t\t<a href=\"http:\/\/www.atesistemi.it\/?p=10575&#038;lang=es\" title=\"OILMATIC reuni\u00f3n t\u00e9cnica\" class=\"entry-title\">OILMATIC reuni\u00f3n t\u00e9cnica<\/a>\n\t\t\t\t<\/h3>\n\t\t\t<\/div>\n\t\t<\/header>\n\t\n\t\t<div class=\"post-content-outer\">\n\t\t\t<p>S\u00e1bado, 12 de marzo 2016 se realizar\u00e1 una reuni\u00f3n t\u00e9cnica en la que se mostrar\u00e1n&#8230;<\/p>\n\t\t<\/div>\n\n\t\t\n\t\t\t<\/div>\n\t<\/div>\n<\/div>\n\t\t\t\t<\/div>\n\t\t\t<\/div>\n\t\t\t<div class=\"page-content post-header grid-1-4 list-item post-10463 post type-post status-publish format-standard hentry category-news-es-es\" >\n\t\t\t\t<div>\n\t\t\t\t\t<div class=\"post-article no-image-wrapper \">\n\t<div class=\"standard-post-format clearfix as-normal as-standard-post-format\">\n\t\t<div class=\"post-media-date\">\n\t\t<div class=\"post-actions-wrapper clearfix\">\n\t\t\t\t\t<div class=\"post-date\">\n\t\t\t\t25 Agosto 2015\t\t\t<\/div>\n\t\t\t\t\t\t\t\t\t\t\t<div class=\"comment-count\">\n\t\t\t\t\t<a href=\"http:\/\/www.atesistemi.it\/?p=10463&lang=es#respond\"><span class=\"icon\">&#57570;<\/span>0 <span class=\"comment-word visuallyhidden\">Comments<\/span><\/a>\t\t\t\t<\/div>\n\t\t\t\n\t\t\t\t\t\t<\/div>\n\n<\/div>\n\t<div class=\"post-content-wrapper\">\n\t\t\t\t<header class=\"single\">\n\t\t\t<div class=\"content\">\n\t\t\t\t<h3>\n\t\t\t\t\t<a href=\"http:\/\/www.atesistemi.it\/?p=10463&#038;lang=es\" title=\"PACKTECH EXPO BALKAN 2015\" class=\"entry-title\">PACKTECH EXPO BALKAN 2015<\/a>\n\t\t\t\t<\/h3>\n\t\t\t<\/div>\n\t\t<\/header>\n\t\n\t\t<div class=\"post-content-outer\">\n\t\t\t<p>ATE Electr\u00f3nica participar\u00e1 en la pr\u00f3xima edici\u00f3n de la Feria Internacional 14a PACKTECH EXPO BALKAN&#8230;<\/p>\n\t\t<\/div>\n\n\t\t\n\t\t\t<\/div>\n\t<\/div>\n<\/div>\n\t\t\t\t<\/div>\n\t\t\t<\/div>\n\t\t\t<div class=\"page-content post-header grid-1-4 clearboth list-item post-10276 post type-post status-publish format-standard hentry category-news-es-es\" >\n\t\t\t\t<div>\n\t\t\t\t\t<div class=\"post-article no-image-wrapper \">\n\t<div class=\"standard-post-format clearfix as-normal as-standard-post-format\">\n\t\t<div class=\"post-media-date\">\n\t\t<div class=\"post-actions-wrapper clearfix\">\n\t\t\t\t\t<div class=\"post-date\">\n\t\t\t\t29 Giugno 2015\t\t\t<\/div>\n\t\t\t\t\t\t\t\n\t\t\t\t\t\t<\/div>\n\n<\/div>\n\t<div class=\"post-content-wrapper\">\n\t\t\t\t<header class=\"single\">\n\t\t\t<div class=\"content\">\n\t\t\t\t<h3>\n\t\t\t\t\t<a href=\"http:\/\/www.atesistemi.it\/?p=10276&#038;lang=es\" title=\"Distribuidor Ariservis de ATE Elettronica en Espana\" class=\"entry-title\">Distribuidor Ariservis de ATE Elettronica en Espana<\/a>\n\t\t\t\t<\/h3>\n\t\t\t<\/div>\n\t\t<\/header>\n\t\n\t\t<div class=\"post-content-outer\">\n\t\t\t<p>ATE Elettronica\u00a0ha firmado un acuerdo de distribucion para el mercado espanol con la empresa Ariservis\u00a0S.A.,\u00a0un&#8230;<\/p>\n\t\t<\/div>\n\n\t\t\n\t\t\t<\/div>\n\t<\/div>\n<\/div>\n\t\t\t\t<\/div>\n\t\t\t<\/div>\n<\/div>\n\n<\/div><\/div><\/div>\n","protected":false},"excerpt":{"rendered":"","protected":false},"author":2,"featured_media":0,"parent":0,"menu_order":6,"comment_status":"closed","ping_status":"open","template":"","meta":[],"_links":{"self":[{"href":"http:\/\/www.atesistemi.it\/index.php?rest_route=\/wp\/v2\/pages\/10611"}],"collection":[{"href":"http:\/\/www.atesistemi.it\/index.php?rest_route=\/wp\/v2\/pages"}],"about":[{"href":"http:\/\/www.atesistemi.it\/index.php?rest_route=\/wp\/v2\/types\/page"}],"author":[{"embeddable":true,"href":"http:\/\/www.atesistemi.it\/index.php?rest_route=\/wp\/v2\/users\/2"}],"replies":[{"embeddable":true,"href":"http:\/\/www.atesistemi.it\/index.php?rest_route=%2Fwp%2Fv2%2Fcomments&post=10611"}],"version-history":[{"count":1,"href":"http:\/\/www.atesistemi.it\/index.php?rest_route=\/wp\/v2\/pages\/10611\/revisions"}],"predecessor-version":[{"id":10612,"href":"http:\/\/www.atesistemi.it\/index.php?rest_route=\/wp\/v2\/pages\/10611\/revisions\/10612"}],"wp:attachment":[{"href":"http:\/\/www.atesistemi.it\/index.php?rest_route=%2Fwp%2Fv2%2Fmedia&parent=10611"}],"curies":[{"name":"wp","href":"https:\/\/api.w.org\/{rel}","templated":true}]}}