{"id":10583,"date":"2016-02-20T11:51:08","date_gmt":"2016-02-20T10:51:08","guid":{"rendered":"http:\/\/www.atesistemi.it\/?page_id=10583"},"modified":"2016-02-20T12:38:00","modified_gmt":"2016-02-20T11:38:00","slug":"10583-2","status":"publish","type":"page","link":"http:\/\/www.atesistemi.it\/?lang=fr","title":{"rendered":"Home ATE FR"},"content":{"rendered":"<div class=\"limit-wrapper\"><div class=\"row \"><div class=\"wpv-grid grid-1-1 move-into-slider wpv-first-level first unextended no-extended-padding\" style=\"padding-top:0.05px;padding-bottom:0.05px;\" id=\"wpv-column-8f5fe3ad9b703be28905fc69a0d1d79f\" ><div class=\"push  wpv-hide-lowres\" style=\"margin-bottom:-100px\"><\/div>\n<div class=\"row \"><div class=\"wpv-grid grid-1-4 add-border first unextended no-extended-padding\" style=\"padding-top:40px;padding-bottom:0.05px;\" id=\"wpv-column-ee9f51e73eb0814af0225bd958ac64fa\" ><div class=\"row \"><div class=\"wpv-grid grid-1-1  first unextended no-extended-padding\" style=\"padding-top:0.05px;padding-bottom:0.05px;\" id=\"wpv-column-7e8892c1e9b20e4a54e77cef5bacfa06\" >\n<div  data-href=\"#\" tabindex=\"1\" data-target=\"_self\" class=\"linkarea clearfix accent5  background-accent5\">\n\t\t\t<div class=\"first\"><span class='icon shortcode   use-hover' style='color:#951315;font-size:62px !important;'>&#57796;<\/span><\/div>\n\t\t\t\t<div class=\"last\"><h3 style=\"text-align: center;\">ELETTRONICA<\/h3>\n<div class=\"push \" style=\"height:5px\"><\/div>\n<p style=\"text-align: center;\">Progettazione Hardware per applicazioni industriali civili e militari.<\/p>\n<p style=\"text-align: center;\">Studio di fattibilit\u00e0, progetto e sviluppo prototipo.<\/p>\n<p style=\"text-align: center;\">Produzione in serie<\/p>\n<p style=\"text-align: center;\"><\/div>\n\t<\/div><\/div><\/div><\/div>\n<div class=\"wpv-grid grid-1-4 add-border unextended no-extended-padding\" style=\"padding-top:40px;padding-bottom:0.05px;\" id=\"wpv-column-87e7f7c9da462428882a99db3a95ecff\" ><div class=\"row \"><div class=\"wpv-grid grid-1-1  first unextended no-extended-padding\" style=\"padding-top:0.05px;padding-bottom:0.05px;\" id=\"wpv-column-329881210f85125a6cd14ca7120b57ab\" >\n<div  data-href=\"#\" tabindex=\"1\" data-target=\"_self\" class=\"linkarea clearfix accent5  background-accent5\">\n\t\t\t<div class=\"first\"><span class='icon shortcode   use-hover' style='color:#951315;font-size:62px !important;'>&#57410;<\/span><\/div>\n\t\t\t\t<div class=\"last\"><h3 style=\"text-align: center;\">INFRASTRUTTURE IT<\/h3>\n<p style=\"text-align: center;\"><div class=\"push \" style=\"height:5px\"><\/div>\n<p style=\"text-align: center;\">Progettazione di infrastrutture, server personal computer stampanti<br \/><\/div>\n\t<\/div><\/div><\/div><\/div>\n<div class=\"wpv-grid grid-1-4 add-border has-background unextended no-extended-padding\" style=\"background-color:#fff;padding-top:40px;padding-bottom:0.05px;\" id=\"wpv-column-3899ad8dc8ca8dc3542d5a6d2bd25ea7\" ><style>#wpv-column-3899ad8dc8ca8dc3542d5a6d2bd25ea7 p,#wpv-column-3899ad8dc8ca8dc3542d5a6d2bd25ea7 h1,#wpv-column-3899ad8dc8ca8dc3542d5a6d2bd25ea7 h2,#wpv-column-3899ad8dc8ca8dc3542d5a6d2bd25ea7 h3,#wpv-column-3899ad8dc8ca8dc3542d5a6d2bd25ea7 h4,#wpv-column-3899ad8dc8ca8dc3542d5a6d2bd25ea7 h5,#wpv-column-3899ad8dc8ca8dc3542d5a6d2bd25ea7 h6,#wpv-column-3899ad8dc8ca8dc3542d5a6d2bd25ea7 .column-title,#wpv-column-3899ad8dc8ca8dc3542d5a6d2bd25ea7 .sep-text h2.regular-title-wrapper,#wpv-column-3899ad8dc8ca8dc3542d5a6d2bd25ea7 .text-divider-double,#wpv-column-3899ad8dc8ca8dc3542d5a6d2bd25ea7 .sep-text .sep-text-line,#wpv-column-3899ad8dc8ca8dc3542d5a6d2bd25ea7 .sep,#wpv-column-3899ad8dc8ca8dc3542d5a6d2bd25ea7 .sep-2,#wpv-column-3899ad8dc8ca8dc3542d5a6d2bd25ea7 .sep-3,#wpv-column-3899ad8dc8ca8dc3542d5a6d2bd25ea7 td,#wpv-column-3899ad8dc8ca8dc3542d5a6d2bd25ea7 th,#wpv-column-3899ad8dc8ca8dc3542d5a6d2bd25ea7 caption{color:#808080;}#wpv-column-3899ad8dc8ca8dc3542d5a6d2bd25ea7:before{background-color:transparent;}<\/style><div class=\"row \"><div class=\"wpv-grid grid-1-1  first unextended no-extended-padding\" style=\"padding-top:0.05px;padding-bottom:0.05px;\" id=\"wpv-column-a7f3888dc3ae7e714bc1d1de84265348\" >\n<div  data-href=\"#\" tabindex=\"1\" data-target=\"_self\" class=\"linkarea clearfix accent5  background-accent5\">\n\t\t\t<div class=\"first\"><span class='icon shortcode   use-hover' style='color:#951315;font-size:62px !important;'>&#58141;<\/span><\/div>\n\t\t\t\t<div class=\"last\"><h3 style=\"text-align: center;\">SOFTWARE<\/h3>\n<p style=\"text-align: center;\"><div class=\"push \" style=\"height:5px\"><\/div>\n<p>Progettazione e sviluppo software per microprocessori 8 \/ 16 \/ 32 bit, Progettazione e sviluppo software per il controllo dei processi utilizzando le pi\u00f9 innovative piattaforme di sviluppo Progettazione e sviluppo di portali WEB e APP per le maggiori piattaforme hardware e software<\/div>\n\t<\/div><\/div><\/div><\/div>\n<div class=\"wpv-grid grid-1-4 add-border unextended no-extended-padding\" style=\"padding-top:40px;padding-bottom:0.05px;\" id=\"wpv-column-25e5f240938becaed3106c8bdfe3a188\" ><div class=\"row \"><div class=\"wpv-grid grid-1-1  first unextended no-extended-padding\" style=\"padding-top:0.05px;padding-bottom:0.05px;\" id=\"wpv-column-c1d405961992c4304d3209680b73913b\" >\n<div  data-href=\"#\" tabindex=\"1\" data-target=\"_self\" class=\"linkarea clearfix accent5  background-accent5\">\n\t\t\t<div class=\"first\"><span class='icon shortcode   use-hover' style='color:#951315;font-size:62px !important;'>&#57799;<\/span><\/div>\n\t\t\t\t<div class=\"last\"><h3 style=\"text-align: center;\">NETWORKING<\/h3>\n<p style=\"text-align: center;\"><div class=\"push \" style=\"height:5px\"><\/div>\n<p style=\"text-align: center;\">Progettazione di sistemi di networking, sistemi di cablaggio<br \/><\/div>\n\t<\/div><\/div><\/div><\/div><\/div><\/div><\/div><\/div>\n<div class=\"push  wpv-hide-lowres\" style=\"height:60px\"><\/div>\n<div class=\"limit-wrapper\"><div class=\"row \"><div class=\"wpv-grid grid-1-1  wpv-first-level first unextended animation-fade-in animated-active no-extended-padding\" style=\"padding-top:0.05px;padding-bottom:0.05px;\" id=\"wpv-column-3cf6eb1bd9f553b83c0aa65ab04f6d44\" >\t\t<h2 class=\"text-divider-double\">\t\t\t\nAZIENDA\t\t<\/h2>\t\t<div class=\"sep\"><\/div>\t<\/div><\/div><\/div>\n<div class=\"limit-wrapper\"><div class=\"row \"><div class=\"wpv-grid grid-1-3  wpv-first-level first unextended animation-from-bottom animated-active no-extended-padding\" style=\"padding-top:0.05px;padding-bottom:0.05px;\" id=\"wpv-column-ddaed4d4ce2b062ae926d620379fafa9\" ><div class=\"clearfix dropcap-wrapper\"><div class=\"dropcap-left\"><span class='dropcap1 '>M<\/span><\/div><div class=\"dropcap-text\">ISSION<\/div> <\/div> <div class=\"push \" style=\"height:15px\"><\/div>Fornire ai nostri clienti prodotti e soluzioni con alto valore tecnologico. Investire nella ricerca e nella crescita del nostro personale.<\/div>\n<div class=\"wpv-grid grid-1-3  wpv-first-level unextended animation-from-bottom animated-active no-extended-padding\" style=\"padding-top:0.05px;padding-bottom:0.05px;\" id=\"wpv-column-283966acad9c3cb3b1d0c8e28f9fa6f1\" ><div class=\"clearfix dropcap-wrapper\"><div class=\"dropcap-left\"><span class='dropcap1 '>S<\/span><\/div><div class=\"dropcap-text\"> TORIA<\/div> <\/div> <div class=\"push \" style=\"height:15px\"><\/div>Fondata nel 1989 ha 25 anni di esperienza nello sviluppo di sistemi elettronici per il settore industriale, militare e civile.<\/div>\n<div class=\"wpv-grid grid-1-3  wpv-first-level unextended animation-from-bottom animated-active no-extended-padding\" style=\"padding-top:0.05px;padding-bottom:0.05px;\" id=\"wpv-column-7582d79fe35e9c2f623a4df4c5b852a4\" ><div class=\"clearfix dropcap-wrapper\"><div class=\"dropcap-left\"><span class='dropcap1 '>C<\/span><\/div><div class=\"dropcap-text\"> ERTIFICAZIONI<\/div> <\/div> <div class=\"push \" style=\"height:15px\"><\/div>Dal 2006 la nostra azienda ha certificato il sistema di gestione della qualit\u00e0\u00a0secondo la norma ISO 9001.<\/p>\n<p>Il sistema di gestione della qualit\u00e0 \u00e8 costantemente aggiornato per raggiungere e migliorare gli obiettivi che anno dopo anno mirano ad una migliore qualit\u00e0 del lavoro, ad una aumentata sicurezza, all\u2019ambiente ed all\u2019energia<\/div><\/div><\/div>\n<div class=\"push  wpv-hide-lowres\" style=\"height:55px\"><\/div>\n<div class=\"limit-wrapper\"><div class=\"row \"><div class=\"wpv-grid grid-1-1  wpv-first-level first unextended animation-fade-in animated-active no-extended-padding\" style=\"padding-top:0.05px;padding-bottom:0.05px;\" id=\"wpv-column-ab6a90f378b8d5f877ba0ef1dc863c39\" >\t\t<h2 class=\"text-divider-double\">\t\t\t\nSERVIZI\t\t<\/h2>\t\t<div class=\"sep\"><\/div>\t<\/div><\/div><\/div>\n<div class=\"limit-wrapper\"><div class=\"row \"><div class=\"wpv-grid grid-1-4  wpv-first-level first unextended animation-from-bottom animated-active no-extended-padding\" style=\"padding-top:0.05px;padding-bottom:0.05px;\" id=\"wpv-column-2bd82d525d9fc6341ef8f5d9db3e0027\" >\n<div  data-href=\"http:\/\/www.atesistemi.it\/?p=1794\" tabindex=\"1\" data-target=\"_self\" class=\"linkarea clearfix   background-transparent\">\n\t\t\t<div class=\"first\"><img src=\"http:\/\/www.atesistemi.it\/wp-content\/uploads\/2015\/06\/fotolia_55094975.jpg\" alt=\"\" \/><\/div>\n\t\t\t\t<div class=\"last\"><h3>CONSULENZA<\/h3>\n<p style=\"text-align: center;\">. <a href=\"http:\/\/www.atesistemi.it\/?page_id=10203&amp;lang=it\">Leggi\u00a0<\/a>&#8211;&gt;<br \/><\/div>\n\t<\/div><\/div>\n<div class=\"wpv-grid grid-1-4  wpv-first-level unextended animation-from-bottom animated-active no-extended-padding\" style=\"padding-top:0.05px;padding-bottom:0.05px;\" id=\"wpv-column-caa7e5430c0560d686c8b32f2f5112c1\" >\n<div  data-href=\"#\" tabindex=\"1\" data-target=\"_self\" class=\"linkarea clearfix   background-transparent\">\n\t\t\t<div class=\"first\"><img src=\"http:\/\/www.atesistemi.it\/wp-content\/uploads\/2015\/06\/fotolia_68880148.jpg\" alt=\"\" \/><\/div>\n\t\t\t\t<div class=\"last\"><h3>PROGETTAZIONE<\/h3>\n<p style=\"text-align: center;\">. <a href=\"http:\/\/www.atesistemi.it\/?page_id=10203&amp;lang=it\">Leggi\u00a0<\/a>&#8211;&gt;<br \/><\/div>\n\t<\/div><\/div>\n<div class=\"wpv-grid grid-1-4  wpv-first-level unextended animation-from-bottom animated-active no-extended-padding\" style=\"padding-top:0.05px;padding-bottom:0.05px;\" id=\"wpv-column-74ff10051c9ec99af12e5278d40ae1d7\" >\n<div  data-href=\"#\" tabindex=\"1\" data-target=\"_self\" class=\"linkarea clearfix   background-transparent\">\n\t\t\t<div class=\"first\"><img src=\"http:\/\/www.atesistemi.it\/wp-content\/uploads\/2015\/06\/fotolia_67550297.jpg\" alt=\"\" \/><\/div>\n\t\t\t\t<div class=\"last\"><h3>PROTOTIPIZZAZIONE<\/h3>\n<p style=\"text-align: center;\">. <a href=\"http:\/\/www.atesistemi.it\/?page_id=10203&amp;lang=it\">Leggi\u00a0<\/a>&#8211;&gt;<br \/><\/div>\n\t<\/div><\/div>\n<div class=\"wpv-grid grid-1-4  wpv-first-level unextended animation-from-bottom animated-active no-extended-padding\" style=\"padding-top:0.05px;padding-bottom:0.05px;\" id=\"wpv-column-af1a2c5b206646a09aa92e615b5beede\" >\n<div  data-href=\"#\" tabindex=\"1\" data-target=\"_self\" class=\"linkarea clearfix   background-transparent\">\n\t\t\t<div class=\"first\"><img src=\"http:\/\/www.atesistemi.it\/wp-content\/uploads\/2015\/06\/fotolia_55663873.jpg\" alt=\"\" \/><\/div>\n\t\t\t\t<div class=\"last\"><h3>INDUSTRIALIZZAZIONE<\/h3>\n<p style=\"text-align: center;\">. <a href=\"http:\/\/www.atesistemi.it\/?page_id=10203&amp;lang=it\">Leggi\u00a0<\/a>&#8211;&gt;<br \/><\/div>\n\t<\/div><\/div><\/div><\/div>\n<div class=\"push \" style=\"height:20px\"><\/div>\n<div class=\"push  wpv-hide-lowres\" style=\"height:20px\"><\/div>\n<div class=\"push  wpv-hide-lowres\" style=\"height:20px\"><\/div>\n<div class=\"push  wpv-hide-lowres\" style=\"margin-bottom:-80px\"><\/div>\n<div class=\"limit-wrapper\"><div class=\"row \"><div class=\"wpv-grid grid-1-1 add-border wpv-first-level first unextended animation-from-bottom animated-active has-extended-padding\" style=\"padding-top:0.05px;padding-bottom:0.05px;\" id=\"wpv-column-ed8ab13270541eb81b755c3480b81e0e\" ><div class=\"row \"><div class=\"wpv-grid grid-1-2  first unextended has-extended-padding\" style=\"padding-top:0.05px;padding-bottom:0.05px;\" id=\"wpv-column-84cd0bef78d518472a9e9077468e8e2f\" ><div class=\"row \"><div class=\"wpv-grid grid-1-1  first unextended no-extended-padding\" style=\"padding-top:0.05px;padding-bottom:0.05px;\" id=\"wpv-column-14e6f508c7a1dbd809b4fb6e2bac8b45\" >\n<div  data-href=\"#\" tabindex=\"1\" data-target=\"_self\" class=\"linkarea clearfix accent7  background-accent5\">\n\t\t\t\t<div class=\"last\"><table>\n<tbody>\n<tr>\n<td><div class=\"push \" style=\"height:10px\"><\/div> <span class='icon shortcode theme  use-hover' style='color:#364352;font-size:42px !important;'>&#57474;<\/span><\/td>\n<td>\n<h3>BROCHURE<\/h3>\n<p>.<\/td>\n<td><div class=\"push \" style=\"height:30px\"><\/div> <p class=\"textcenter\"><a href=\"#\" target=\"_self\" style='font-size: 14px;' class=\"vamtam-button accent1  button-border hover-accent1 \"><span class=\"btext\" data-text=\"DOWNLOAD\">DOWNLOAD<\/span><\/a><\/p><\/td>\n<\/tr>\n<\/tbody>\n<\/table>\n<p style=\"text-align: center;\"><\/div>\n\t<\/div><\/div><\/div><\/div>\n<div class=\"wpv-grid grid-1-2  unextended left-border has-extended-padding\" style=\"padding-top:0.05px;padding-bottom:0.05px;\" id=\"wpv-column-9c5fdf3d05c436131b78f12b1e13abb6\" ><style>#wpv-column-9c5fdf3d05c436131b78f12b1e13abb6:before{background-color:#ededed;}<\/style><div class=\"row \"><div class=\"wpv-grid grid-1-1  first unextended has-extended-padding\" style=\"padding-top:0.05px;padding-bottom:0.05px;\" id=\"wpv-column-6f48c3e9dd3f246867b58913ba1f77ee\" ><div class=\"row \"><div class=\"wpv-grid grid-1-1  first unextended no-extended-padding\" style=\"padding-top:0.05px;padding-bottom:0.05px;\" id=\"wpv-column-a85e5bbac17f494181e335e37b4d4f2d\" >\n<div  data-href=\"#\" tabindex=\"1\" data-target=\"_self\" class=\"linkarea clearfix accent7  background-accent5\">\n\t\t\t\t<div class=\"last\"><table>\n<tbody>\n<tr>\n<td><div class=\"push \" style=\"height:10px\"><\/div> <span class='icon shortcode theme  use-hover' style='color:#364352;font-size:42px !important;'>&#57439;<\/span><\/td>\n<td>\n<h3>PER MAGGIORNI INFORMAZIONI<\/h3>\n<p>.<\/td>\n<td><div class=\"push \" style=\"height:30px\"><\/div> <p class=\"textcenter\"><a href=\"#\" target=\"_self\" style='font-size: 14px;' class=\"vamtam-button accent1  button-border hover-accent1 \"><span class=\"btext\" data-text=\"CONTATTACI\">CONTATTACI<\/span><\/a><\/p><\/td>\n<\/tr>\n<\/tbody>\n<\/table>\n<p style=\"text-align: center;\"><\/div>\n\t<\/div><\/div><\/div><\/div><\/div><\/div><\/div><\/div><\/div><\/div>\n<div class=\"push \" style=\"height:55px\"><\/div>\n<div class=\"limit-wrapper\"><div class=\"row \"><div class=\"wpv-grid grid-1-1  wpv-first-level first unextended animation-from-bottom animated-active no-extended-padding\" style=\"padding-top:0.05px;padding-bottom:0.05px;\" id=\"wpv-column-e42de105f4bac6e6b342a4b5358ff28a\" >\t\t<h2 class=\"text-divider-double\">\t\t\tNEWS\t\t<\/h2>\t\t<div class=\"sep\"><\/div>\t<div class=\"scrollable-wrapper\">\n\t<div class=\"loop-wrapper clearfix news scroll-x\">\n\t\t<ul class=\"clearfix\" data-columns=\"3\">\n\t\t\t\t\t\t\t\t<li class=\"page-content post-head list-item post-10727 post type-post status-publish format-standard hentry category-news-fr-fr\">\n\t\t\t\t\t\t<div>\n\t\t\t\t\t\t\t<div class=\"post-article no-image-wrapper \">\n\t<div class=\"standard-post-format clearfix as-normal as-standard-post-format\">\n\t\t<div class=\"post-media-date\">\n\t\t<div class=\"post-actions-wrapper clearfix\">\n\t\t\t\t\t<div class=\"post-date\">\n\t\t\t\t6 Aprile 2016\t\t\t<\/div>\n\t\t\t\t\t\t\t\t\t\t\t<div class=\"comment-count\">\n\t\t\t\t\t<a href=\"http:\/\/www.atesistemi.it\/?p=10727&lang=fr#respond\"><span class=\"icon\">&#57570;<\/span>0 <span class=\"comment-word visuallyhidden\">Comments<\/span><\/a>\t\t\t\t<\/div>\n\t\t\t\n\t\t\t\t\t\t<\/div>\n\n<\/div>\n\t<div class=\"post-content-wrapper\">\n\t\t\t\t<header class=\"single\">\n\t\t\t<div class=\"content\">\n\t\t\t\t<h3>\n\t\t\t\t\t<a href=\"http:\/\/www.atesistemi.it\/?p=10727&#038;lang=fr\" title=\"Agriumbria 2016\" class=\"entry-title\">Agriumbria 2016<\/a>\n\t\t\t\t<\/h3>\n\t\t\t<\/div>\n\t\t<\/header>\n\t\n\t\t<div class=\"post-content-outer\">\n\t\t\t<p>Parmi les nouveaut\u00e9s pr\u00e9sent\u00e9es lors de l&#8217;\u00e9dition 2016 du Agriumbria tenue \u00e0 Bastia Umbra (Perugia),&#8230;<\/p>\n\t\t<\/div>\n\n\t\t\n\t\t\t<\/div>\n\t<\/div>\n<\/div>\n\t\t\t\t\t\t<\/div>\n\t\t\t\t\t<\/li>\n\t\t\t\t\t\t\t\t\t<li class=\"page-content post-head list-item post-10707 post type-post status-publish format-standard hentry category-news-fr-fr\">\n\t\t\t\t\t\t<div>\n\t\t\t\t\t\t\t<div class=\"post-article no-image-wrapper \">\n\t<div class=\"standard-post-format clearfix as-normal as-standard-post-format\">\n\t\t<div class=\"post-media-date\">\n\t\t<div class=\"post-actions-wrapper clearfix\">\n\t\t\t\t\t<div class=\"post-date\">\n\t\t\t\t13 Marzo 2016\t\t\t<\/div>\n\t\t\t\t\t\t\t\t\t\t\t<div class=\"comment-count\">\n\t\t\t\t\t<a href=\"http:\/\/www.atesistemi.it\/?p=10707&lang=fr#respond\"><span class=\"icon\">&#57570;<\/span>0 <span class=\"comment-word visuallyhidden\">Comments<\/span><\/a>\t\t\t\t<\/div>\n\t\t\t\n\t\t\t\t\t\t<\/div>\n\n<\/div>\n\t<div class=\"post-content-wrapper\">\n\t\t\t\t<header class=\"single\">\n\t\t\t<div class=\"content\">\n\t\t\t\t<h3>\n\t\t\t\t\t<a href=\"http:\/\/www.atesistemi.it\/?p=10707&#038;lang=fr\" title=\"R\u00e9union technique Gignac (FR)\" class=\"entry-title\">R\u00e9union technique Gignac (FR)<\/a>\n\t\t\t\t<\/h3>\n\t\t\t<\/div>\n\t\t<\/header>\n\t\n\t\t<div class=\"post-content-outer\">\n\t\t\t<p>Un grand int\u00e9r\u00eat \u00e0 la r\u00e9union technique tenue \u00e0 Gignac (FR) au Moulin du Mas&#8230;<\/p>\n\t\t<\/div>\n\n\t\t\n\t\t\t<\/div>\n\t<\/div>\n<\/div>\n\t\t\t\t\t\t<\/div>\n\t\t\t\t\t<\/li>\n\t\t\t\t\t\t\t\t\t<li class=\"page-content post-head list-item post-10577 post type-post status-publish format-standard hentry category-news-fr-fr\">\n\t\t\t\t\t\t<div>\n\t\t\t\t\t\t\t<div class=\"post-article no-image-wrapper \">\n\t<div class=\"standard-post-format clearfix as-normal as-standard-post-format\">\n\t\t<div class=\"post-media-date\">\n\t\t<div class=\"post-actions-wrapper clearfix\">\n\t\t\t\t\t<div class=\"post-date\">\n\t\t\t\t20 Febbraio 2016\t\t\t<\/div>\n\t\t\t\t\t\t\t\t\t\t\t<div class=\"comment-count\">\n\t\t\t\t\t<a href=\"http:\/\/www.atesistemi.it\/?p=10577&#038;lang=fr#comments\"><span class=\"icon\">&#57570;<\/span>1 <span class=\"comment-word visuallyhidden\">Comment<\/span><\/a>\t\t\t\t<\/div>\n\t\t\t\n\t\t\t\t\t\t<\/div>\n\n<\/div>\n\t<div class=\"post-content-wrapper\">\n\t\t\t\t<header class=\"single\">\n\t\t\t<div class=\"content\">\n\t\t\t\t<h3>\n\t\t\t\t\t<a href=\"http:\/\/www.atesistemi.it\/?p=10577&#038;lang=fr\" title=\"OILMATIC r\u00e9union technique\" class=\"entry-title\">OILMATIC r\u00e9union technique<\/a>\n\t\t\t\t<\/h3>\n\t\t\t<\/div>\n\t\t<\/header>\n\t\n\t\t<div class=\"post-content-outer\">\n\t\t\t<p>Samedi, 12 Mars, 2016, sera une r\u00e9union technique o\u00f9 ils seront affich\u00e9s \u00e9quipements pour la&#8230;<\/p>\n\t\t<\/div>\n\n\t\t\n\t\t\t<\/div>\n\t<\/div>\n<\/div>\n\t\t\t\t\t\t<\/div>\n\t\t\t\t\t<\/li>\n\t\t\t\t\t\t\t\t\t<li class=\"page-content post-head list-item post-10465 post type-post status-publish format-standard hentry category-news-fr-fr\">\n\t\t\t\t\t\t<div>\n\t\t\t\t\t\t\t<div class=\"post-article no-image-wrapper \">\n\t<div class=\"standard-post-format clearfix as-normal as-standard-post-format\">\n\t\t<div class=\"post-media-date\">\n\t\t<div class=\"post-actions-wrapper clearfix\">\n\t\t\t\t\t<div class=\"post-date\">\n\t\t\t\t25 Agosto 2015\t\t\t<\/div>\n\t\t\t\t\t\t\t\t\t\t\t<div class=\"comment-count\">\n\t\t\t\t\t<a href=\"http:\/\/www.atesistemi.it\/?p=10465&lang=fr#respond\"><span class=\"icon\">&#57570;<\/span>0 <span class=\"comment-word visuallyhidden\">Comments<\/span><\/a>\t\t\t\t<\/div>\n\t\t\t\n\t\t\t\t\t\t<\/div>\n\n<\/div>\n\t<div class=\"post-content-wrapper\">\n\t\t\t\t<header class=\"single\">\n\t\t\t<div class=\"content\">\n\t\t\t\t<h3>\n\t\t\t\t\t<a href=\"http:\/\/www.atesistemi.it\/?p=10465&#038;lang=fr\" title=\"PACKTECH EXPO BALKAN 2015\" class=\"entry-title\">PACKTECH EXPO BALKAN 2015<\/a>\n\t\t\t\t<\/h3>\n\t\t\t<\/div>\n\t\t<\/header>\n\t\n\t\t<div class=\"post-content-outer\">\n\t\t\t<p>ATE Electronics va participer \u00e0 la prochaine \u00e9dition de la foire internationale 14 PACKTECH EXPO&#8230;<\/p>\n\t\t<\/div>\n\n\t\t\n\t\t\t<\/div>\n\t<\/div>\n<\/div>\n\t\t\t\t\t\t<\/div>\n\t\t\t\t\t<\/li>\n\t\t\t\t\t\t\t\t\t<li class=\"page-content post-head list-item post-10281 post type-post status-publish format-standard hentry category-news-fr-fr\">\n\t\t\t\t\t\t<div>\n\t\t\t\t\t\t\t<div class=\"post-article no-image-wrapper \">\n\t<div class=\"standard-post-format clearfix as-normal as-standard-post-format\">\n\t\t<div class=\"post-media-date\">\n\t\t<div class=\"post-actions-wrapper clearfix\">\n\t\t\t\t\t<div class=\"post-date\">\n\t\t\t\t29 Giugno 2015\t\t\t<\/div>\n\t\t\t\t\t\t\t\n\t\t\t\t\t\t<\/div>\n\n<\/div>\n\t<div class=\"post-content-wrapper\">\n\t\t\t\t<header class=\"single\">\n\t\t\t<div class=\"content\">\n\t\t\t\t<h3>\n\t\t\t\t\t<a href=\"http:\/\/www.atesistemi.it\/?p=10281&#038;lang=fr\" title=\"Distributeur Ariservis des ATE Elettronica en Espagne\" class=\"entry-title\">Distributeur Ariservis des ATE Elettronica en Espagne<\/a>\n\t\t\t\t<\/h3>\n\t\t\t<\/div>\n\t\t<\/header>\n\t\n\t\t<div class=\"post-content-outer\">\n\t\t\t<p>Les ATE Elettronica a sign\u00e9 un accord de distribution pour le march\u00e9 espagnol avec la&#8230;<\/p>\n\t\t<\/div>\n\n\t\t\n\t\t\t<\/div>\n\t<\/div>\n<\/div>\n\t\t\t\t\t\t<\/div>\n\t\t\t\t\t<\/li>\n\t\t\t\t\t\t<\/ul>\n\t<\/div>\n<\/div>\n\n<\/div><\/div><\/div>\n<div class=\"push  wpv-hide-lowres\" style=\"height:85px\"><\/div>\n","protected":false},"excerpt":{"rendered":"","protected":false},"author":2,"featured_media":0,"parent":10588,"menu_order":0,"comment_status":"closed","ping_status":"open","template":"","meta":[],"_links":{"self":[{"href":"http:\/\/www.atesistemi.it\/index.php?rest_route=\/wp\/v2\/pages\/10583"}],"collection":[{"href":"http:\/\/www.atesistemi.it\/index.php?rest_route=\/wp\/v2\/pages"}],"about":[{"href":"http:\/\/www.atesistemi.it\/index.php?rest_route=\/wp\/v2\/types\/page"}],"author":[{"embeddable":true,"href":"http:\/\/www.atesistemi.it\/index.php?rest_route=\/wp\/v2\/users\/2"}],"replies":[{"embeddable":true,"href":"http:\/\/www.atesistemi.it\/index.php?rest_route=%2Fwp%2Fv2%2Fcomments&post=10583"}],"version-history":[{"count":6,"href":"http:\/\/www.atesistemi.it\/index.php?rest_route=\/wp\/v2\/pages\/10583\/revisions"}],"predecessor-version":[{"id":10619,"href":"http:\/\/www.atesistemi.it\/index.php?rest_route=\/wp\/v2\/pages\/10583\/revisions\/10619"}],"up":[{"embeddable":true,"href":"http:\/\/www.atesistemi.it\/index.php?rest_route=\/wp\/v2\/pages\/10588"}],"wp:attachment":[{"href":"http:\/\/www.atesistemi.it\/index.php?rest_route=%2Fwp%2Fv2%2Fmedia&parent=10583"}],"curies":[{"name":"wp","href":"https:\/\/api.w.org\/{rel}","templated":true}]}}